t f(w) = -4*w - 2. Determine f(p).
18
Let a(s) = -s - 5. Let x = 7 + -4. Suppose -m = 2*m + c - 4, x*m = 2*c + 19. Suppose -p = 5*v, 2*p + m*p - v + 26 = 0. Determine a(p).
0
Let x(d) = 4 - 3 + 3*d + 2 - d**2. Give x(4).
-1
Let o(i) = -283*i**2 + 6 + 284*i**2 + i + 5*i. Give o(-5).
1
Suppose 6 = -l - 0*l. Let c(n) = n**2 + 6*n - 5. Let z(i) = -i**2 - 6*i + 5. Let g(k) = -4*c(k) - 5*z(k). Determine g(l).
-5
Let n(k) = k - 10. Suppose 64 = p + 3*p. Suppose 0 = 5*w - p - 34. Let t = w - 5. Calculate n(t).
-5
Let r(q) = 2*q - 5. Suppose 0 = -3*o + 2*z - 3 + 7, -2*o = -4*z + 8. Suppose -o*a - 4*w = 0, -w - w - 5 = a. What is r(a)?
5
Let j(v) be the second derivative of v**3/6 + 4*v**2 + 7*v. Determine j(-7).
1
Let a(v) = v + 44*v**2 - 50*v**2 - 2*v. What is a(1)?
-7
Let d(j) = j**3 + 5*j**2. Suppose 18*p = 21*p + 15. Determine d(p).
0
Let f(t) be the first derivative of 1/3*t**3 - 3*t**2 - 1 + 3*t. Determine f(5).
-2
Let v(x) = -x**2 - 4*x - 4. Let h(j) = j**2 + 3*j + 4. Let t(n) = 3*h(n) + 2*v(n). Let s(m) = 2*m**2 + m + 7. Let l(b) = -3*s(b) + 5*t(b). Calculate l(4).
-9
Let j(n) = n**2 + n - 4. Let v(y) = -y**2 - 12*y + 1. Let x be v(-12). Let q be 4*(-4 + 2 + x). Let u(r) = -r**3 - 3*r**2 + 4*r - 4. Let i be u(q). Give j(i).
8
Let r(p) be the third derivative of p**5/120 - p**4/24 - 7*p**3/6 - 6*p**2. Let g(b) be the first derivative of r(b). Determine g(-1).
-2
Let c(a) = 0 - a + 1 + 4*a. Suppose 8 - 1 = -7*z. Give c(z).
-2
Let o be 1 - (-2 - (-4 - -1)). Let a(p) = -p - 3 + 1 + o. Give a(-4).
2
Let q = -51 + 51. Let m(y) = -y**3 - y - 2. Calculate m(q).
-2
Let m(g) = -8*g**2 - 1 + 4*g**2 + 2*g + g**2 + 2*g**2. What is m(3)?
-4
Let t(x) be the third derivative of -x**6/120 + x**5/12 - x**4/6 + x**3 - 9*x**2. Give t(4).
6
Let h(q) = q**2 + 2*q + 2. Let i(z) = z**2 + 6*z - 19. Let u be i(-8). Give h(u).
5
Suppose -19 = -2*t - 7. Suppose d - 35 = -5*k + t*d, -11 = 2*k + 3*d. Let g(u) = -6*u + 0*u**2 - 2*u**k + u**2. Calculate g(-4).
8
Let z(s) = -6*s**2 + s - 1. Suppose 2*a = 6*a - 5*k + 7, k = 3*a + 19. Let x be (a/3)/(1/(-3)). Let t be (-2)/x*(0 + -4). Determine z(t).
-6
Let y(k) = -2*k**2 - 4*k**2 - 8*k - 4*k + 7*k**2 + 3. Let s be y(12). Let m(x) = x**2 - 4*x + 1. Give m(s).
-2
Let y be (-28)/49 - 48/14. Let u(d) be the first derivative of -3*d - 1 + 1/2*d**2. What is u(y)?
-7
Let t(z) = -3*z - 4. Let c(j) = -7*j - 9. Let n(u) = -7*u - 9. Let w(m) = 3*c(m) - 4*n(m). Let p(h) = 9*t(h) + 4*w(h). Determine p(-6).
-6
Let v(n) = 3 - 2 + 4 - n. Suppose 5*k = -1 + 6. Suppose k = -p + 6. Give v(p).
0
Let k(z) be the third derivative of z**4/12 + 2*z**3/3 - 34*z**2. What is k(9)?
22
Let v(a) = -4*a. Let g(m) = -11*m - 1. Let s(h) = -3*g(h) + 8*v(h). What is s(-5)?
-2
Let n be -2*(6/3 - 4). Let f be n - (-1 + 0 + 2). Let v(c) = -4*c. Calculate v(f).
-12
Let v(s) be the second derivative of -s**5/20 + s**4/3 - s**3/6 - 5*s**2/2 + 3*s - 1. Determine v(4).
-9
Let d(a) = a**3 + a**2. Let j(v) = 3*v**3 + v**2 + v - 3. Let z(u) = 4*d(u) - j(u). Calculate z(-3).
6
Suppose 3 = 4*j - 2*r + 1, 5*r - 25 = 0. Let i(c) = -c**3 + 0*c - 7*c + 4 + c**2 + j*c + 2*c**2. Suppose -15 = -8*y + 3*y. What is i(y)?
-8
Suppose -41*q + 15 = -46*q. Let i(f) = -f**2 - 2. Give i(q).
-11
Let h(q) = -q**3 - 3*q**2 + 7*q + 5. Let l(o) = 2*o - 16. Let c be l(12). Suppose k - 3*k = c. Give h(k).
-7
Let z(l) be the second derivative of -l**3/2 - 3*l**2/2 + 2*l. Let c be z(-2). Let p(n) = n**3 - 5*n**2 + 0*n**2 - 2*n**c. Determine p(-5).
0
Let m(g) = -3*g**3 - g**2 - 13*g + 1. Let v(l) = l**3 + 4*l. Let p(s) = -2*m(s) - 7*v(s). Suppose 0 = -2*t + 4*h + 3 - 7, 5*t + 2*h = 14. Calculate p(t).
-6
Suppose 4*k = -k + 20. Let y(c) = 4*c + k*c + c - 6*c. Give y(-5).
-15
Let c(w) = -w + 1. Let y(s) = -s. Let v(m) = -5*m + 1. Let i(z) = -v(z) + 3*y(z). Suppose 4*p = -2*f - 6, -3*f + 2*p - 9 + 24 = 0. Let l be i(f). Give c(l).
-4
Let j(c) = c**2 - 5*c - 1. Let p(d) = 2*d + 3. Let y be p(3). Let w = y - 5. Calculate j(w).
-5
Let d(l) = 6*l**3 - 2*l**2 - 2*l - 1. Let x(j) = -2*j**2 + 2*j + 2. Let p(s) = -s**2 + s + 1. Let c(w) = 13*p(w) - 6*x(w). Let i be c(-1). Determine d(i).
-7
Suppose -3*b - 3*a + 15 = 0, -a = -b - 5*a + 2. Let t = -1 - -1. Suppose t = 4*z - 6*z - b. Let c(x) = x**3 + 2*x**2 - 2*x - 3. Determine c(z).
-6
Let r(z) be the second derivative of 9/2*z**2 - 2*z + 0 - 1/6*z**3. Calculate r(4).
5
Suppose -4*t + 2 = -3*t. Let s(i) = t + i - 1 - 3 - 3. What is s(0)?
-5
Let o(f) be the third derivative of f**4/6 - 2*f**3/3 + f**2. Let c(x) = -x**2 - 7*x + 2. Let a be c(-6). Let q = a + -5. Give o(q).
8
Let p(x) = -1 + 1 - 5 - 2*x. Let i = 3 + 15. Let u be (6/i)/((-2)/24). Calculate p(u).
3
Let j(m) = -m**2 - 8*m - 4. Suppose 7*y - 4*y - 12 = 0. Let u(c) = -2*c**2 - 17*c - 8. Let k(i) = y*u(i) - 9*j(i). What is k(-4)?
4
Suppose 4*d + 7 = -9, 0 = 5*p - 3*d - 37. Let w(t) = t - 3*t - 4*t + 6 + t**2. What is w(p)?
1
Let j(t) = 2*t**2 - 10*t + 1. Let v be j(7). Let n = v - 18. Let s = -5 + n. Let f(y) = -y**3 + 6*y**2 + y. What is f(s)?
6
Suppose -3*c - 2*k - 36 - 4 = 0, -4*c - k - 45 = 0. Let j = 6 + c. Let o(l) = -l - 3. What is o(j)?
1
Let x(s) be the first derivative of -s**4/4 - 2*s**3/3 + s**2/2 + 1. Suppose -4*k + r = -0*k + 15, 0 = -5*k + 5*r. Let m be 6/12 + k/2. Determine x(m).
-2
Let v(f) = 4*f - 21. Let y(z) = -5*z + 21. Let u(a) = -6*v(a) - 5*y(a). Calculate u(0).
21
Let z(r) = -r - 1. Let x(q) = -7*q - 1. Let j be x(-2). Let u = 7 - j. Determine z(u).
5
Let j = -3 + 4. Let x(p) = -3*p**2 + j - p + 0*p - p**3 + 2*p. Suppose -2*w - v - v = -2, 2*w = 3*v - 18. What is x(w)?
-2
Let u(q) = -2*q + 2*q + 4*q**2. Suppose 0 = -3*g - g + 92. Suppose -5*j + g = -3*x, 0 = -4*x - 3*j + 2 + 6. What is u(x)?
4
Let k(b) = b**3 - 4*b**2 + 2*b - 1. Let z = -1 - -5. Suppose -17 = -5*p + 3*u, z*u = 5*p + 6*u - 22. Calculate k(p).
7
Suppose 0 = -3*l + w + 27, 0 = 2*l - 2*w - 2*w - 28. Let n = l + -3. Let q be (-23)/(-5) - (-2)/n. Let h(a) = a**3 - 5*a**2 + 6. Give h(q).
6
Let x(t) = -t**3 + 4*t**2 - 4*t + 2. Let l be x(2). Suppose -l*h + 6 = 2*y, -h + 5*h - 2*y = 6. Let r = h - -1. Let s(z) = 2*z - 3. What is s(r)?
3
Let n(j) = -5*j + 4. Let a(g) = -g + 1. Let z(q) = -6*a(q) + n(q). Give z(6).
4
Suppose -4*s - 4*b - 8 = 0, 11 - 1 = -3*s - b. Let q(t) = 3 + 5*t**2 + 0*t + t**3 - 6 + 3*t. What is q(s)?
1
Let u be ((-26)/39)/(2/18). Let p(s) = -2*s + 4. Give p(u).
16
Let j(a) = a - 6. Suppose -25 + 89 = 8*i. Give j(i).
2
Suppose -7 = -4*k - o, -5*k - o - 7 = -8*k. Let v(p) = 2*p - 1 + 0*p**2 + 0 - p**k + 6*p**3. What is v(1)?
6
Let c(n) = 2*n - 2. Suppose 11*m - 12*m = -4. Give c(m).
6
Let i(u) = u**3 - 7*u**2 - 7*u - 6. Let y(t) = 2*t**3 - 7*t**2 - 7*t - 6. Let b(v) = 3*i(v) - 2*y(v). Determine b(-6).
0
Let c(p) = -p - 7. Let y be c(-9). Let g be (4/y + -1)*0. Let k(j) = j**2 + j - 5. Calculate k(g).
-5
Let s(z) = -z**3 + 10*z**2 - 8*z + 5. Let t be s(9). Let m be t/(-12) - 2/(-12). Let y(f) be the first derivative of f**3/3 + f**2 + 2. Determine y(m).
-1
Let c(q) = q - 7. Suppose 0 = 2*l + 2 - 12. What is c(l)?
-2
Suppose 5*w - 8*w - 3 = 0. Let f(u) = -6*u**2 - 2*u - 1. Calculate f(w).
-5
Let v(w) = w + 1. Let i be v(4). Let h(d) = -i*d + 1 + 5*d + 3*d - 2. Determine h(1).
2
Let w(b) be the second derivative of -b**5/20 + 5*b**4/12 - 5*b**3/6 + 5*b**2/2 + 9*b. Calculate w(4).
1
Let v(j) = -j + 1. Let y(t) be the second derivative of 0 - 5/2*t**2 - t. Let b(s) = 2*v(s) + y(s). Determine b(-2).
1
Suppose 3*j = 4*s - 5*s - 10, 0 = -4*s - 2*j. Let z(d) = 4*d + 4 - 5*d**2 + d**3 + 4*d - s*d**3. Calculate z(-6).
-8
Let l be 2 - (2 + -4 + 2). Let j(w) = -l*w + 3*w - 2*w - 5*w**2. Calculate j(-1).
-4
Let m(i) = -i - 3. Let j be m(-5). Suppose 0 = g - p, 3*p - 7*p = -8. Let k(v) = -g*v + v - 2*v + v + 2. Calculate k(j).
-2
Suppose -1 + 9 = -3*d - 4*t, -29 = -d + 5*t. Let p(c) = -6*c + 6*c**2 - 15*c**2 + 8*c**2 - d. What is p(-4)?
4
Let m(v) = 7*v**2 + 11*v - 3. Let k(a) = 10*a**2 + 17*a - 4. Let w(h) = 5*k(h) - 7*m(h). What is w(-7)?
-6
Let y(m) = -2*m + 5. Let l(p) = 6*p - 10. Let i(d) = -2*l(d) - 5*y(d). Give i(-4).
3
Suppose -3 = -q - 2. Let r(w) = -4*w + 0 - q + 3*w. Suppose -4 = -5*h + 6. Give r(h).
-3
Let t(o) = o**3 + 3*o**2 - o + 1. Let p(s) = 2*s**3 + 7*s**2 - 2*s + 1. Let f(j) = -3*p(j) + 5*t(j). G